w = -3. What is n(i)?
3
Let b be (-1*1)/(2/(-6)). Let f be b/6 - (-2)/(-4). Let r(t) = 5*t + f - t - t + 1. Determine r(1).
4
Suppose -5*h + 2*m = -0*m + 29, 2*m + 16 = -4*h. Let n = h - -1. Let k(s) = -s - 5. Calculate k(n).
-1
Let w(o) = o**2 + 2*o - 7. Let b(c) = 4*c**2 + 8*c - 30. Let z(j) = 2*b(j) - 9*w(j). Give z(-4).
-5
Let z(v) = -1 + 0 + 3*v + 4 + 0. Determine z(-5).
-12
Let d(y) = -y**3 + 6*y**2 - 4*y - 2. Let r be 5/15*-2 - 17/(-3). What is d(r)?
3
Let o be 0 + (-4)/(-24) + (-33)/(-18). Let v(k) be the first derivative of -1/2*k**o + 5*k + 1. Calculate v(5).
0
Let w(h) = -h**3 - 6*h**2 - 4*h - 2. Let d(x) = x**2 - 2*x - 1. Let z be d(4). Suppose -i + 2 = z. Give w(i).
-7
Let s(b) = -b + 4. Suppose 1 = d + 7. Calculate s(d).
10
Let q(u) = 5*u**2 - 1 - u**3 - 1 - 2*u**2. Suppose y - 4*j = 3*y - 16, -y + 5*j + 22 = 0. Let z(l) = -l**2 + 13*l - 10. Let x be z(y). What is q(x)?
2
Let n(t) = -2*t**2 - 13*t - 22. Let f be n(-2). Let d(w) = -7*w**2 - 21*w + 5. Let m(z) = 3*z**2 + 10*z - 2. Let g(j) = 2*d(j) + 5*m(j). What is g(f)?
-16
Let h(s) = 4*s - 7*s**2 - 15*s**2 + 20*s**2. Determine h(3).
-6
Let q(s) = 7 - 3 + 7*s + s**2 + 0 - 8. Give q(-7).
-4
Let w(i) = i + 5. Let q be w(-7). Let r(t) = -26*t**2 + 21*t + 5. Let f(z) = 5*z**2 - 4*z - 1. Let v(u) = q*r(u) - 11*f(u). Let h = 1 - -1. Calculate v(h).
-7
Let r(z) = z**3 - 4*z**2 + 4*z - 2. Let t(p) = p**2 + p. Let d be t(-2). What is r(d)?
-2
Suppose 3*s - 4 = s. Let i(k) = -3*k + 1. Let n(g) = -2*g + 1. Let h(o) = -3*i(o) + 4*n(o). Calculate h(s).
3
Let k(s) = s**2 + 5*s + 3. Let r(a) = 4*a**3 - 3*a - 2. Let l be r(-1). Determine k(l).
-3
Let w(j) = j**3 + 9*j**2 + 15*j + 6. Let v be w(-7). Let b(t) = -2*t + 1. What is b(v)?
3
Suppose 2*w + 3 = 3*w + 2*t, -3*w = 2*t + 7. Let m(b) = -b**3 - 4*b**2 + 3*b - 2. Calculate m(w).
8
Let c = -8 - -11. Suppose 5*z + u - 13 = 0, c*z - u + 2 - 13 = 0. Let n(v) = 4*v**2 - 3*v**2 - 2*v**2. Calculate n(z).
-9
Let a(f) = 1 - 36*f - 1 + 31*f. Give a(2).
-10
Let f(t) = -2*t - 1. Let c(s) be the second derivative of -s**3/6 + 10*s. Let n be c(3). Give f(n).
5
Let r(l) = -l**2 + 4*l. Let j = 4 - -2. Let m be 45/10 + j/4. What is r(m)?
-12
Let y be ((-3)/(-3))/(1/11). Let g(c) = -c**3 + 10*c**2 + 11*c + 11. Calculate g(y).
11
Suppose 15 = 3*x + 3. Suppose -3*z = 2*z - 10. Let p(u) = -5 + 10*u**z + u**3 + u + 2*u - 14*u**2. Determine p(x).
7
Let r(q) = q**2 - 5*q + 3. Let n be 8 - (3 + -1) - 3/3. Give r(n).
3
Let m(g) = 2*g**2 + 3*g + 7. Let j(d) = d**2 + 2*d + 6. Let s(i) = -5*j(i) + 4*m(i). Calculate s(-2).
6
Let c(y) be the first derivative of -y**3/3 - 3*y**2 + 4*y + 16. Calculate c(-6).
4
Suppose -1 = w + 3, 0 = 5*x + 4*w + 1. Suppose 0*l = -4*j + 5*l - 1, 4*l - x = j. Let f(z) = -z**2 - j + 0*z**2 + 2 + 3*z**2. Determine f(1).
3
Suppose -2*n = -7*n + 25. Let w(h) = -h**2 - 3*h + 2. Let l be w(-3). Let f(m) = m**3 + m**3 - 6*m**l - m**3 - 7 + m + 6*m. Calculate f(n).
3
Suppose h = 0, 5*l + 28 = l - h. Let r(m) = -m**3 - 7*m**2 + m - 4. Give r(l).
-11
Let l(n) = 2*n**3 - 2*n**2 - n - 2. Let z be l(2). Suppose -4 = -z*t + 8. Let c(a) = -2*a**2 + 2*a**2 + a**3 + a - 1 + t*a**2. Determine c(-3).
-4
Let n(q) = -4*q**2 - 5*q + 3. Let p(u) = -5*u**2 - 4*u + 2. Let h(i) = -6*n(i) + 5*p(i). Determine h(9).
1
Let b(r) = r**3 + 7*r**2 + 6*r + 4. Let l be b(-6). Let j(w) = l*w + 4*w - 4*w + 4 + 2*w**2. Suppose 5*x = 114 - 129. Calculate j(x).
10
Let w(s) be the second derivative of -1/6*s**4 - 2/5*s**5 + s + 0 + 0*s**2 + 1/6*s**3. Suppose u = 4*b - 0*b - 5, -3*b + 4 = -u. Calculate w(b).
-9
Let q(r) be the first derivative of -r**4/24 + 7*r**3/6 + 7*r**2/2 - 1. Let g(x) be the second derivative of q(x). Suppose v + 4*v - 15 = 0. Determine g(v).
4
Let k(r) = 5*r**2. Suppose 4 = -0*g + 2*g. Suppose -3*a + g*a = -p, 0 = 3*a + 3. Calculate k(p).
5
Let b(l) = l + 1. Let s(y) = -2*y - 4. Let x(f) = -5*b(f) - 2*s(f). Calculate x(-5).
8
Let j(d) = 7*d**3 - d**2 - 7*d + 13. Let g(i) = i**3 - i + 1. Let s(z) = 6*g(z) - j(z). What is s(0)?
-7
Suppose -2*i + 4*x + 6 = 0, i + 18 = -4*i - x. Let c(f) be the second derivative of -f**3/6 + f**2/2 - 2*f. What is c(i)?
4
Let n(u) be the third derivative of u**6/720 - u**5/120 - u**4/12 + 2*u**2. Let a(s) be the second derivative of n(s). Determine a(5).
4
Let g(m) be the second derivative of -m**4/12 + m**2/2 + 14*m. Determine g(1).
0
Suppose 3*g - 5*u + 8 = 35, -3*g = 4*u. Let h(m) = -2*m + 0*m + 4 - g. What is h(4)?
-8
Suppose 2*k + c = 3*c + 14, 2*k + 3*c - 29 = 0. Let q be (-2)/(-10) + (-22)/k. Let t(o) = -2*o**3 - o**2 + 1 + o - 3*o**2 + 2*o**2. Determine t(q).
7
Suppose -13 = -2*y - 3*d, 6*d = 3*d + 9. Let c(a) = -2*a**y - 4*a + 3*a**2 + 3*a - 1. Suppose 0 = -j - j + 2. Give c(j).
-1
Let z(w) be the first derivative of -w**4/24 + 7*w**3/6 + w**2 + 5. Let u(t) be the second derivative of z(t). What is u(0)?
7
Let z(k) = 3*k**3 - 4*k + 5. Let j be z(2). Let q = j - 16. Let o(l) = -l**2 + 7*l - 4. Give o(q).
6
Let q(y) = -y**3 - 10*y**2 - 8*y + 11. Let o be q(-9). Suppose o*m - 1 = 1. Let d(b) = -b**2 + 2*b - 1. Calculate d(m).
0
Let q(m) = m**2 + 4*m - 7. Let z = 54 - 59. Calculate q(z).
-2
Let i(w) = w**2 + 5*w + 3. Suppose s - 6*s = 25. Let l = s - -4. Let d = -5 - l. Determine i(d).
-1
Let y(d) = -d**2 + 7*d. Let p be y(6). Let g = -13 + 19. Let z(q) = -3*q**2 - 4*q**2 + 6 + 6*q + g*q**2 - 3. Give z(p).
3
Let s(m) = m**2 - 6*m - 9. Let w be 20*(0 + 10/25). Determine s(w).
7
Let i(m) = m**3 + m**2 + m. Let n(b) = b**3 + 10*b**2 + 9*b + 1. Let f be n(-9). Let k(u) = -4*u**3 - 2*u - 3. Let v(j) = f*k(j) + 5*i(j). Calculate v(-3).
6
Suppose 5*i + 15 = -0*i. Let a(g) = g**2 + 2*g. Calculate a(i).
3
Let k = 5 + -8. Let f(n) be the third derivative of 1/60*n**5 - 1/2*n**3 + 0*n + 0*n**4 + 0 - n**2. Determine f(k).
6
Suppose 3*i + 5*s + 7 = 0, i - 5*i + 12 = -4*s. Let g(b) be the third derivative of 0 + 9*b**2 + 0*b + 1/12*b**4 - 1/6*b**3. Determine g(i).
1
Let v = 2 + -3. Let h(r) = -27*r - 3. Let w(u) = -18*u - 2. Let z(x) = -5*h(x) + 7*w(x). Calculate z(v).
-8
Let b(m) = -3*m**3 + m. Let s(v) = -v**2 - 3*v - 3. Let r(n) = n**2 - n + 10. Let g be r(0). Suppose 8*u = 3*u - g. Let c be s(u). Give b(c).
2
Let k(g) = -g - 1. Let u(n) = n**2 - 6*n + 8. Let l(x) = -k(x) - u(x). Suppose 0 = 2*w + 3*h - 24, w = 3*h - 7*h + 22. Calculate l(w).
-1
Let v(w) be the second derivative of 5*w**3/6 - 5*w**2/2 - 51*w + 1. What is v(6)?
25
Let a = -5 + 6. Let v = a + -2. Let y(f) = -6*f**2 - 2*f - 1. Calculate y(v).
-5
Suppose 21 = 3*w - 0*w. Let o(v) = 5 - 3*v - w - 11. Let l(c) = -c - 1. Let m(k) = 4*l(k) - o(k). Give m(4).
5
Let n(k) be the third derivative of k**4/12 + k**3/6 - 3*k**2. Give n(-7).
-13
Let y(i) = 0*i**2 + 2 - 12 - 6*i**2 + 5*i**2 - 10*i. Calculate y(-8).
6
Let l(n) = 0*n**2 - 2*n**2 - 3 + n + 4*n - 2*n. Let r = 3 - 0. Give l(r).
-12
Let h(k) = 4*k**3 + 4*k**2 + 11*k + 9. Let p(r) = -r**3 + r**2 - r - 1. Let x(c) = -h(c) - 3*p(c). Suppose 24 = 4*m - 8*m. Calculate x(m).
6
Suppose -4*p - 6*o = -4*o - 2, -o - 3 = -2*p. Let i(f) = 5*f + 1. Calculate i(p).
6
Let s(u) be the first derivative of 4 - u**3 + 1/2*u**2 + 0*u + 1/2*u**4. Suppose 3*y + 1 = 5*c, 5*y - 25 = -7*c + 2*c. Calculate s(c).
6
Let u(n) = -2*n - 6. Let r be u(-7). Let c be 12/r - (-1)/(-2). Let i(p) = 2*p - 2 - p + c + 0*p. Give i(-4).
-5
Let g(m) = -m**3 - 2*m**2 + 3*m - 3. Let f be g(-3). Let u be -2 + 3 - 0 - -1. Let t(j) = 1 + j**2 - 2*j + j**3 + 0*j**u - j. Determine t(f).
-8
Let r(h) = h**2 - 9*h + 16. Let d be r(7). Let w(k) = -3*k**d + 4*k - 1 - k**3 + 2*k + 4*k - 6*k. Give w(-4).
-1
Let v be 1/((-1 - -2)*1). Let o(y) = 0*y**2 + 3*y**2 + y**2 + 0*y**2. Let c be o(v). Let k(p) = -3*p + 6. Give k(c).
-6
Let r(n) = 5*n**2 - 3*n - 4. Let o = 9 - 5. Let g(c) = 3*c**2 - 2*c - 2. Let m(l) = o*r(l) - 7*g(l). Let d = -61 + 64. Calculate m(d).
-5
Let l(y) = y**2 + 357*y - 357*y. Give l(-1).
1
Let s be (-4 - (-81)/18)*(-1 + -11). Let u(m) be the third derivative of -m**5/60 - 7*m**4/24 - m**3/2 - m**2. Determine u(s).
3
Let a be -1*1 + (-1 - -16). Suppose 3*g = -3*k + 6, 0 = -g - 5*k + a - 0. Let o(n) = -n**3 - n**2 + 2*n + 1. Determine o(g).
-1
Let g(m) = -9*m - 6. Let y(k) = 4 + 1 + 8*k + 4 - 4. Let a(s) = 6*g(s) + 7*y(s). Calculate a(2).
3
Let t(y) be the second de